s d - -6?
15
In base 5, what is 104 - 1201?
-1042
In base 8, what is -5 + -2360?
-2365
In base 14, what is d - -2?
11
In base 7, what is -4 + 34?
30
In base 7, what is -141 + 4?
-134
In base 6, what is 43505 + 3?
43512
In base 4, what is 1202 + 0?
1202
In base 5, what is 22434 + 3?
22442
In base 14, what is 3 - 124?
-121
In base 16, what is 10e + -4?
10a
In base 2, what is 1001111000011111 - -1?
1001111000100000
In base 4, what is 2 - 313?
-311
In base 16, what is -a + -4f?
-59
In base 2, what is 101001 + 1100010?
10001011
In base 16, what is -7 + 1f?
18
In base 15, what is c - 53?
-46
In base 2, what is 101100 + -10?
101010
In base 5, what is 144 - -10?
204
In base 7, what is -1 + 15141?
15140
In base 10, what is 274 + 5?
279
In base 5, what is -11 + 102?
41
In base 16, what is -1d + 27?
a
In base 9, what is 22 + 1?
23
In base 10, what is 445 - 4?
441
In base 12, what is -2b5 - 1?
-2b6
In base 15, what is 3 + 38?
3b
In base 9, what is -114 - -4?
-110
In base 10, what is 2 + 178?
180
In base 5, what is -4 + -3031?
-3040
In base 8, what is 31451 - 3?
31446
In base 14, what is -275d + -2?
-2761
In base 15, what is -6 + -3d?
-44
In base 3, what is -2011 + 20?
-1221
In base 15, what is 5 + -b1?
-ab
In base 3, what is -21 + -11?
-102
In base 2, what is 10111111 + 11?
11000010
In base 15, what is -4 + a?
6
In base 8, what is -54 - -7?
-45
In base 6, what is 3 - 250?
-243
In base 7, what is 16 + 16?
35
In base 4, what is 10 - -2121?
2131
In base 11, what is -2 + 47?
45
In base 6, what is -4 + -1425?
-1433
In base 2, what is -1011 + 1010011?
1001000
In base 11, what is 82 - -25?
a7
In base 13, what is -1 + 550?
54c
In base 11, what is 4783 + 2?
4785
In base 15, what is -4 - e7?
-eb
In base 2, what is -1 - -1001100111000?
1001100110111
In base 12, what is -97 + -7b?
-156
In base 2, what is -11 - -100100001100?
100100001001
In base 9, what is 42 + 0?
42
In base 5, what is -1304 + -3?
-1312
In base 8, what is -36 + 0?
-36
In base 5, what is -1044322 + -4?
-1044331
In base 8, what is -105 - -2?
-103
In base 15, what is 1b - 4?
17
In base 4, what is 1 - -103?
110
In base 13, what is -14 + 189?
175
In base 2, what is -100 - -1001101111?
1001101011
In base 3, what is 2120 - 1000?
1120
In base 4, what is -110 + 10?
-100
In base 12, what is -25 - 0?
-25
In base 9, what is 2 - 64?
-62
In base 14, what is a5 + -5?
a0
In base 2, what is 1010011100 - 0?
1010011100
In base 7, what is 6 - 33?
-24
In base 6, what is 10235 + 1?
10240
In base 7, what is 500 + -2?
465
In base 6, what is 1 + -120?
-115
In base 2, what is -1101 - -10000?
11
In base 5, what is -120 - -3?
-112
In base 12, what is 1a5 + -9?
198
In base 11, what is -2 - -25?
23
In base 7, what is -3314 - -3?
-3311
In base 14, what is -5 + -111?
-116
In base 8, what is 0 + -100?
-100
In base 3, what is 10 + -11110?
-11100
In base 8, what is 71 - 114?
-23
In base 5, what is 3 - -22424?
22432
In base 10, what is -13 + 35?
22
In base 9, what is 5 - -362?
367
In base 5, what is -4 - 1322?
-1331
In base 10, what is -17 - 860?
-877
In base 2, what is -1100 + -1001?
-10101
In base 13, what is -1b29 + 1?
-1b28
In base 4, what is -3 + 103?
100
In base 5, what is 0 + 23202?
23202
In base 7, what is 141 + 14?
155
In base 2, what is -11 + -111110101?
-111111000
In base 9, what is 26 + -2?
24
In base 2, what is 11 + -11011010?
-11010111
In base 11, what is 3115 + -3?
3112
In base 3, what is -1202110 + 2?
-1202101
In base 10, what is -1155 - -6?
-1149
In base 2, what is -111110 + 1101100?
101110
In base 9, what is -242 - -1?
-241
In base 10, what is 0 + 36?
36
In base 6, what is 11 + -135?
-124
In base 7, what is 0 + -65?
-65
In base 12, what is 1211 - -2?
1213
In base 13, what is -39 - -40?
4
In base 8, what is 102 + -6?
74
In base 3, what is 11222 - 11?
11211
In base 10, what is -4 - 69?
-73
In base 8, what is -1060 - -5?
-1053
In base 11, what is -5 + 332?
328
In base 7, what is -1366 + -2?
-1401
In base 11, what is -11a + 31?
-99
In base 6, what is 420 - 4?
412
In base 11, what is -4 - -48?
44
In base 2, what is -10100000010100 + 1?
-10100000010011
In base 14, what is -12 - -1b?
9
In base 6, what is -2020 + -1?
-2021
In base 6, what is -11201 + 2?
-11155
In base 4, what is 0 + -1322?
-1322
In base 3, what is -1 + 2101?
2100
In base 8, what is -4516 - -2?
-4514
In base 16, what is -af + 4?
-ab
In base 9, what is 108 - 3?
105
In base 12, what is 2 + -142?
-140
In base 13, what is 211 - -4?
215
In base 8, what is -2 - -32?
30
In base 14, what is dbd + 1?
dc0
In base 11, what is -6 + -1a4?
-1aa
In base 7, what is 6 + 13105?
13114
In base 5, what is -10311 - -11?
-10300
In base 5, what is -20 - 130?
-200
In base 11, what is -5 + -13?
-18
In base 7, what is -13 + 23?
10
In base 7, what is 5220 + 3?
5223
In base 2, what is -1000 - -111001?
110001
In base 16, what is -f2 + -2?
-f4
In base 15, what is 0 + 1315?
1315
In base 10, what is -46 - -51?
5
In base 8, what is 24 - -101?
125
In base 13, what is -22 + -154?
-176
In base 9, what is 672 - 2?
670
In base 4, what is 1130 - 1233?
-103
In base 16, what is -31 + 13?
-1e
In base 2, what is -1011010 + 100?
-1010110
In base 3, what is 2120 + 100121?
110011
In base 11, what is -53 - a?
-62
In base 8, what is -3 - 247?
-252
In base 11, what is -50 + -9?
-59
In base 3, what is -21 + 21?
0
In base 11, what is 11 - -2?
13
In base 9, what is -68 + 56?
-12
In base 6, what is -30 + -2340?
-2410
In base 16, what is 4 + 973?
977
In base 6, what is -140 + -10?
-150
In base 8, what is -662 + 4?
-656
In base 9, what is -708 + -50?
-758
In base 4, what is 11212 + -11?
11201
In base 3, what is -12 + -1110001?
-1110020
In base 15, what is 11b8 - 1?
11b7
In base 7, what is 5 - 45?
-40
In base 14, what is -d - -1?
-c
In base 11, what is 1684 + -5?
167a
In base 6, what is -101 + 10?
-51
In base 11, what is 8 - 963?
-956
In base 11, what is 5 + -780?
-776
In base 2, what is -11011100 - -110?
-11010110
In base 6, what is -145 + 435?
250
In base 7, what is -515 + -2?
-520
In base 16, what is 3 - 1a?
-17
In base 14, what is 4 + -10?
-a
In base 16, what is -2f8e + -1?
-2f8f
In base 4, what is 10201 + 11?
10212
In base 15, what is 5 + 3a?
40
In base 13, what is 4 - -746?
74a
In base 4, what is -201 - -10?
-131
In base 15, what is 1 + -b?
-a
In base 12, what is 1b - 19?
2
In base 9, what is 160 + 12?
172
In base 11, what is 7 - -4?
10
In base 5, what is 31 + 121?
202
In base 11, what is -199 - 1?
-19a
In base 7, what is 11 - 3042?
-3031
In base 13, what is 13 - 4?
c
In base 11, what is 3 + -290?
-288
In base 9, what is -2 + 145?
143
In base 11, what is -207 - -11?
-1a6
In base 14, what is 520 + 4?
524
In base 13, what is 2 + 84?
86
In base 13, what is -4 + -25?
-29
In base 2, what is 0 + -11111011?
-11111011
In base 9, what is -4 + 2072?
2067
In base 14, what is 0 + 1b4?
1b4
In base 10, what is 5 + 164?
169
In base 15, what is 35 + be?
104
In base 11, what is -11 - 1a?
-30
In base 7, what is -1 + 21665?
21664
In base 3, what is -1122202 - -11?
-1122121
In base 10, what is -411 - 11?
-422
In base 15, what is 9 - -5e?
68
In base 14, what is 3d8 + 4?
3dc
In base 6, what is 3 + -14240?
-14233
In base 15, what is d - 9?
4
In base 13, what is -25 - -20a?
1b5
In base 8, what is -176 + 5?
-171
In base 11, what is 4 - 14a?
-146
In base 16, what is -ac + 3?
-a9
In base 12, what is 42 - 117?
-95
In base 3, what is 1100 + 10?
1110
In base 7, what is 4 - 2356?
-2352
In base 6, what is 433 - -5?
442
In base 4, what is 32 + 3131?
3223
In base 12, what is 13 + 1?
14
In base 6, what is -22 - 1435?
-1501
In base 5, what is 2142 - -102?
2244
In base 6, what is 0 - 4150?
-4150
In base 9, what is 74 - 26?
47
In base 13, what is 15 + c?
24
In base 16, what is bc - -2?
be
In base 6, what is -35 + -3?
-42
In base 6, what is 35 + -43?
-4
In base 12, what is -96 + -1?
-97
In base 3, what is -212 - 101010?
-101222
In base 2, what is 10110110 - -11?
10111001
In base 4, what is -2231012 - -11?
-2231001
In base 11, what is -7 - -3?
-4
In base 14, what is 136 - -2?
138
In base 2, what is 1101 + -100001?
-10100
In base 9, what is -3845 - -2?
-3843
In base 3, what is 11 - 201020?
-201002
In base 11, what is -107a - 0?
-107a
In base 5, what is 2 - 14140?
-14133
In base 4, what is -2113 - -3?
-2110
In base 6, what is 35 - -54?
133
In bas